ppose -2947 + 733 = -6*c. Let f = -363 + c. Let z(m) = -2*m**3 + 12*m**2 - 2. Give z(f).
-2
Let j(c) = -c**3 + 9*c**2 + 12*c + 113. Let w be j(11). Let t(m) = 2*m - 4. What is t(w)?
2
Let l(f) = -3*f**2 - 4 + 7 - 2 + 8*f**2. Suppose -6*b + 132 = -48. Let t be (-34)/b - (-4)/30. Determine l(t).
6
Let c(s) = -24019*s - s**3 - s**2 + 0 + 24027*s - 15 + 0*s**2. Determine c(2).
-11
Let g(r) = -2*r + 6. Let d = -21 + 27. Suppose -3*i + d = -5*i - 5*o, 3*i = -3*o. Suppose 4*l - 2*c + 28 = 0, -2*l - i*l - 28 = 3*c. Give g(l).
20
Let t(c) = -c**2 - 7*c - 10. Let x = -95 - -92. Let n be t(x). Let g(j) = -j - 2. Determine g(n).
-4
Let s be 9/72 + (-476)/(-32). Suppose 0 = -5*y + s, -3 = 4*g - 2*y + 15. Let d(f) = -f**3 - 3*f**2 + f - 1. Determine d(g).
-4
Let l = 114 - 106. Suppose -36*j + 392 = -l*j. Let h(s) = s**3 - 15*s**2 + 15*s - 11. Calculate h(j).
3
Let q(t) = 54890*t**2 + 54885*t**2 - 13 + 5 - 109790*t**2 - 17*t + t**3 + 0*t**3. What is q(16)?
-24
Suppose 16*q - 32*q = -55*q + 117. Let n(z) = -z**3 + z**2 - 3*z + 5. What is n(q)?
-22
Let y(c) = 3*c - 1. Let n be y(1). Let u(d) = d**2 - 4. Let g(w) = w**2 - 4. Let j(l) = -4*g(l) + 5*u(l). What is j(n)?
0
Let c(n) = 22*n**2 - 7*n - 3. Let m(s) = 21*s**2 + s. Let g(d) = -c(d) + m(d). Give g(5).
18
Let h(l) = l**3 + 2*l + 11. Suppose -2*z + 12 = -2*p, 30*z - 34*z + 3*p = -22. Calculate h(z).
83
Let c(v) = v**3 - 11*v**2 + 12*v - 14. Let t be 6/(-4) - 28/(-8). Let j(d) = d + 4 + 3 - 5 + 3*d. Let r be j(t). Determine c(r).
6
Suppose -p = 653 - 668. Let z(i) = i**2 - 18*i + 29. Calculate z(p).
-16
Let s(j) = 12*j**2 - 5*j - 6. Let l be s(-2). Let f(m) = 5 - 28*m + l*m - 23*m. Determine f(-5).
0
Suppose 17*n - 8*n + 153 = 0. Let m be 6/((-72)/(-4)) + n/(-3). Suppose 2*q + 1 = l, -5*l - 5*q + m*q = 31. Let d(r) = -r**3 - 6*r**2 + 7*r. What is d(l)?
0
Let h be 0/4*(-1)/2. Suppose 4*m + 12 - 8 = h. Let b(z) = 3*z**2 - 3*z - 1. Let p(j) = -j**3 - 10*j**2 + 10*j + 3. Let l(s) = -7*b(s) - 2*p(s). Give l(m).
-3
Suppose -9*x - 11 = -5*x + 5*u, 0 = -3*x + u - 32. Let l be -2 - x*14/21. Let y(c) = 4*c + 3. What is y(l)?
19
Let y(b) = -3*b**2 + 2*b**2 - 12 + 2*b**2 + 9*b. Suppose 5*a = 2*m + 55, 3*m - 380 = 4*a - 438. What is y(m)?
-2
Let i(y) = -21*y**2 + 2*y - 10*y**2 - 35*y**2 - y**3 + 74*y**2 - 12. Calculate i(5).
73
Let w(z) = -z**3 - 8*z**2 - 4*z - 2. Suppose -r = -5*a - 14, 5*a + 62 = -5*r + 12. Give w(r).
-50
Let m be (-140)/(-980) - (48/(-7))/1. Let u(l) be the second derivative of -l**4/12 + 7*l**3/6 - 3*l**2/2 + l - 23. Calculate u(m).
-3
Let o(k) be the third derivative of k**6/120 - 2*k**5/15 + k**4/2 - 2*k**3/3 + 8*k**2 - 12. Determine o(8).
92
Let w(k) = -4*k**2 + 11*k - 2. Let l(n) = -25*n**2 + 47*n - 11. Let q(p) = -l(p) + 6*w(p). Give q(-6).
-79
Let n(u) = 1318*u + 18 + 11*u**2 - 1315*u - 10*u**2. What is n(0)?
18
Let j(u) = -17*u + 863. Let c(i) = -8*i + 471. Let k(b) = -5*c(b) + 3*j(b). Give k(21).
3
Let f(k) = k**3 - 11*k**2 + 12*k + 15. Let w = 12614 - 12604. Determine f(w).
35
Let l(o) = o**2 + o + 1. Let z(d) = 7*d**2 + 9*d + 4. Let b(p) = -p**2 - 35*p - 33. Let c be b(-34). Let i(t) = c*z(t) - 6*l(t). Determine i(-3).
-2
Let l(h) = -3*h + 2*h + 0*h - 6. Let r be (-7)/(-14) + (-495)/(-30). Suppose r*j = -15 - 87. What is l(j)?
0
Let m be (2 + (-34)/5)*(-2450)/28. Let y = m - 419. Let n(a) = -5*a**2 + a - 1. Determine n(y).
-5
Let b be (-20)/45 + 392/72. Let r(v) = 152*v - 759. Give r(b).
1
Let f(z) = -z**2 + 6*z - 2. Let w be f(5). Let r(t) be the first derivative of -t**3 + t**2/2 - t + 99. Calculate r(w).
-25
Let n(j) be the third derivative of -j**5/20 - 11*j**4/6 + 16*j**3/3 - 7279*j**2. Give n(-15).
17
Let j be -1 + 1 + -3 + 6/2. Suppose -d + 4 - 1 = j. Let w(o) = -2 + 17*o**d - 58*o**3 + 23*o**3 + 2*o - o**2 + 17*o**3. Calculate w(-3).
10
Let q(j) = 37*j + 2522. Let g(c) = 18*c + 1229. Let v(m) = 13*g(m) - 6*q(m). Calculate v(-70).
5
Let l(v) = -63*v + 1637. Let g be l(26). Let h(m) = -44*m**2 - 2*m - 1. Give h(g).
-43
Let w(l) = -l**3 + 9*l**2 + 2*l**3 + l + 1 + 0*l. Let x = -663 - -1444. Let f = 772 - x. Give w(f).
-8
Let w(a) = -2*a**2 + 10*a - 12. Suppose -3*l + 3*y = -6, 445*l + 2 = 442*l + 5*y. Determine w(l).
-24
Suppose 537 = 5*z - 3*p, 2*z + 42 = -3*p + 240. Suppose -z = -9*x - 33. Let l(q) = q**3 - 8*q**2 - q + 11. Determine l(x).
3
Let n(a) = a**3 + a**2 - a - 11. Let y(g) = -g**3 + g**2 + g + 3. Let x be y(0). Suppose -21*m + 477 = 58*m - 76. Let c be x/m + 6/(-14). Give n(c).
-11
Suppose -s + 3 = 1. Suppose 44 = -5*a - r, 3*a - 7*r + 12*r + 22 = 0. Let f(l) = 8*l. Let c(u) = -35*u - 1. Let i(z) = a*f(z) - 2*c(z). What is i(s)?
-2
Let k(n) = -7*n**2 - n - 20. Let j(o) = -399*o. Let a be j(0). Give k(a).
-20
Let y(l) = -l + 1. Let t(q) = -1. Let h(w) = 2*t(w) - 2*y(w). Let b = 19 + -16. Calculate h(b).
2
Let a(t) = 10*t + 3*t - 18*t - 4*t - 157 + 0*t. Determine a(-17).
-4
Let u(q) be the third derivative of q**4/12 + 5*q**3/3 - q**2 + 6. Give u(-4).
2
Let p(w) = w**2 + 0*w**2 + 260 + 256 - 518. What is p(-3)?
7
Let v = 456 - 458. Let f(g) be the second derivative of -g**4/6 - g**3/6 - g**2/2 - 18*g. Calculate f(v).
-7
Let k(l) be the second derivative of l**5/20 - l**4/4 - 4*l**3/3 + 25*l**2/2 + 21*l + 8. Give k(2).
5
Suppose -d - 5 + 2 = 0. Let q(k) = 65*k**2 + 6*k - 3 + 68*k**2 - 200*k**2 - 3*k + 68*k**2 + 0. Give q(d).
-3
Let i(t) be the first derivative of t**3/3 - 9*t**2/2 + 18*t - 108. Calculate i(7).
4
Let y(t) = -t**2 - 7*t + 1. Let i(k) = -78*k. Let w be i(-1). Suppose 11*r - 1 = -w. Give y(r).
1
Suppose 7*l + 102 = 5*x, -18*x = 5*l - 16*x + 6. Let k(d) = 2*d + 4 + 0*d - 5*d. What is k(l)?
22
Let m(r) = -5*r + 4. Let o(l) = -2*l**2 + 18*l + 26. Let q(k) = -3*m(k) - o(k). Determine q(7).
39
Let y(j) = j**2 + j + 9. Let m(t) = t**3 - 6*t**2 - 8*t + 10. Let i be m(7). Suppose -2 = -p, -i*q + 4*p - 15 = -7. What is y(q)?
9
Let m be (5/(-1))/(2 + -3) - (24 + -18). Let c(l) = 9*l + 24. Calculate c(m).
15
Let c(v) = -v + 4. Let t(m) = -2*m + 11. Let i = -451 + 446. Let z(h) = i*c(h) + 2*t(h). Calculate z(0).
2
Let l be (-57)/((-27)/(-6)*(-1)/3). Suppose -l = -2*k - 5*z, 3*z = -k - 4*k + 57. Let m(a) = -2*a - 3. Calculate m(k).
-21
Let m(h) be the third derivative of h**8/20160 + h**7/840 + h**5/60 + 2*h**2. Let w(c) be the third derivative of m(c). Let y = -116 - -112. Calculate w(y).
-8
Suppose -6*z = a - 3*z - 25, 2*a = 2*z + 10. Suppose 32*f - 5*m + a = 29*f, -2*f = 4*m + 14. Let p(g) = 2*g**2 + 10*g + 5. Calculate p(f).
5
Suppose 1 = -4*r - 7. Let m be (-2 - (r - 1)) + 0. Let u(g) = 2*g - m - 4 + 7 + 2*g. Calculate u(-4).
-14
Let a(v) = -8*v + 14*v + 4*v - 19 + 0*v. Let w be a(2). Let p(h) = -14*h**3 + 2*h**2 - 2*h + 1. Give p(w).
-13
Let r(f) = 52*f - 40. Let n be r(7). Let v(y) = 4*y - n*y**2 - 2 + 1 + 323*y**2. What is v(4)?
-1
Suppose 0 = 6*s - s - 2*p, -5*s - 2*p - 20 = 0. Let u(k) be the second derivative of k**4/12 - k**3/3 - 3*k**2/2 + 107*k - 4. What is u(s)?
5
Let i(z) = z**3 + 9*z**2 + 19*z - 16. Let v(t) = t**2 + t + 2. Let w(f) = i(f) + 2*v(f). Let b be w(-8). Let d(s) = -s**3 + 11*s**2 + 11*s + 17. Determine d(b).
5
Let h(x) = 1 + 0 - 10*x**2 - 8*x**2. Suppose -280*q + 364 = 84. Give h(q).
-17
Let l(f) = -f**3 - 7*f**2 + 8*f + 2. Suppose 2*r = -5*z - 1476, -2*z - 30*r - 600 = -34*r. Let u be z/36 + 10/45. Calculate l(u).
2
Let a(f) = -2*f + 3. Let t = 45 + 200. Let u be 10/((t/(-14))/(-7)). Calculate a(u).
-5
Suppose 12*y = 14*y - 2. Let k(a) = 47*a**2 - 144*a**2 + 49*a**2 - 8*a**3 + 46*a**2 + y. Let o(x) = x**2 - 4*x + 2. Let l be o(3). Give k(l).
7
Let z(i) = -i + 1. Let w be z(-5). Let y(j) be the first derivative of 0*j - 22 - 1/2*j**2. Give y(w).
-6
Let a(n) = 22*n + 2162. Let u(g) = -7*g - 771. Let d(w) = 6*a(w) + 17*u(w). What is d(10)?
-5
Let r be (-2 + -10)/(3/(-66)). Let l = 263 - r. Let j(f) = 15*f**3 - 1. What is j(l)?
-16
Let s(m) be the third derivative of -m**5/15 + 25*m**4/24 - 131*m**2. Let k be s(6). Let j(n) = -8*n - 5. Calculate j(k).
-53
Let b(y) = -y**3 + 83*y - 365 - 103 + 586 - 38*y**2. Give b(-40).
-2
Let l(y) be the second derivative of y**5/20 - y**4/2 + 5*y**3/6 - 7*y**2/2 + 6*y. Let k be 2/9 - 352/(-36). Suppose -15 = -5*c + k. Calculate l(c).
-7
Let y(p) = 10*p - 68. Let z(g) = -g + 13. Let t(r) = -y(r) - 5*z(r). Calcul